1)/(-45) - 2/(-10) is divided by v.
19
Let j(t) = t**3 - 6*t**2 + 8. Let d(h) = -2*h - 3. Let l = 1 - 4. Calculate the remainder when j(6) is divided by d(l).
2
Let u be 2 - (-4)/((-12)/(-9)). Suppose -5*x = 5*s + 145, -u*s - 133 = -2*x + 5. Calculate the remainder when (0 + -1 - s) + -1 is divided by 9.
8
Suppose 3*q - 6*q + 9 = 0. What is the remainder when ((-4)/(-10))/((-1)/(-10)) is divided by q?
1
Let r(v) = -4*v - 15. Let o be r(-5). Suppose -18 = -o*g - 3. What is the remainder when 8/3*3*1 is divided by g?
2
Let m(v) = -4*v + 3*v + v - 5*v. Calculate the remainder when m(-7) is divided by 9.
8
Let x be ((-2)/(-2))/(2/6). Let g be 2 - x - (-6 + 0). Suppose g*q - 25 = -4*b, b + 0*q = 3*q + 19. What is the remainder when b is divided by 4?
2
Let w(g) = -7*g**3 - g**2 - 2*g - 1. Suppose 0 = -2*r + 33 + 5. Calculate the remainder when r is divided by w(-1).
5
Let w = -38 - -53. Calculate the remainder when 88 is divided by w.
13
Let g(q) = 2*q - 9. Let l be g(6). Suppose a + l*a = m - 24, -2*a + 76 = 5*m. Calculate the remainder when m is divided by 6.
4
Let y(p) be the second derivative of 2*p - p**2 + 1/3*p**3 + 1/12*p**4 + 0. Calculate the remainder when 64 is divided by y(4).
20
Let a = 107 + 20. Calculate the remainder when a is divided by 8.
7
Let x be 25/(1 - (4 - 2)). What is the remainder when (-1)/(1/x) + -1 is divided by 9?
6
Suppose -v = -4 - 3. Suppose 0 = g - 4*c + 8, v*c - 36 = -2*g + 2*c. Let z(p) = p**3 + 5*p**2 + 2*p - 3. What is the remainder when g is divided by z(-4)?
3
Suppose -5*f + 11 = 1. Suppose 0 = -2*t + 36 + f. Suppose -t = -5*q + 91. What is the remainder when q is divided by 8?
6
Calculate the remainder when 10 is divided by (-35)/(-11) + (-20)/110.
1
Let m(x) = x**2 - 12*x - 6. Calculate the remainder when 27 is divided by m(13).
6
Let n(b) be the first derivative of b**2/2 + 43*b + 2. Let u(j) = j + 2. Let f be u(-2). Calculate the remainder when n(f) is divided by 15.
13
Let z be 23/2 - 3/2. Let k = -6 + z. Suppose 2*d + 4*u = 36, -5*u + 61 = 5*d - k. What is the remainder when 23 is divided by d?
7
Suppose -l = -t + 5*t - 7, -3*t - 16 = 5*l. Let g = -7 + 5. Calculate the remainder when 9 + (0 - g/(-1)) is divided by t.
1
Calculate the remainder when ((-29)/2)/(5/(-20)) is divided by 21.
16
Suppose -2*l + 5*a + 290 = 0, 0*a - 606 = -4*l - 3*a. Suppose -5*h = -l - 35. Calculate the remainder when h is divided by 13.
11
Let r(b) = 5*b + 4. Let m = -8 - -13. Let o(a) = 3*a - 5. What is the remainder when r(5) is divided by o(m)?
9
Let n(q) = 2*q**3 - q + 1. Let z = 7 + -6. Let j be n(z). Suppose -4*h = -t - 225, -3*h - j*t = -0*t - 177. What is the remainder when h is divided by 15?
12
Let d(v) = -v**2 + 5*v - 2. Let b be d(5). Calculate the remainder when -1 + -158*1/b is divided by 27.
24
Let d(f) = -3*f - 36. Calculate the remainder when 7 is divided by d(-14).
1
Suppose 3*o - 5 - 139 = 3*t, 3*o = 2*t + 149. Calculate the remainder when o is divided by 27.
26
Suppose 0 = -5*r - i + 181, 4*i - 4 + 0 = 0. Let l(n) = -n**2 - 8*n + 6. What is the remainder when r is divided by l(-7)?
10
Let k be (-4 - -1 - -3) + 2. Let d = -3 + 36. Calculate the remainder when d is divided by 1*(18 - k - -1).
16
Let z(c) = 2*c**3 - c + 4. Let q(w) = -w + 9. Let m be q(13). Calculate the remainder when z(3) is divided by m + 1 + (-66)/(-3).
17
Let i(u) = 9 - 7*u + 3*u + 3*u + 4*u. What is the remainder when i(6) is divided by 10?
7
Let d(h) = h**2 - 27. Let l be d(0). Let j = l + 64. What is the remainder when j is divided by 13?
11
Let s be 16/3 - 2/(-3). What is the remainder when 22 is divided by 40/s + (-16)/24?
4
Let r(c) = 61*c**3 - 5*c**2 + 3*c + 2. What is the remainder when r(1) is divided by 146/9 - (-2)/(-9)?
13
Let u(w) = 3*w + 1. Let g be u(-1). Let a be (g + 3 - -8) + 3. Calculate the remainder when (-8)/a*(-153)/2 is divided by 18.
15
Let x = -5 + 6. Let a be 258/8 - x/4. Calculate the remainder when 0 + 1 + a + -2 is divided by 11.
9
Let i be (-8)/((1*-4)/2). Let m(g) = g. What is the remainder when m(1) is divided by 5/i - (-5)/(-20)?
0
Suppose -4*r - 3*m + 64 = -5*m, 4*m = 3*r - 43. Let u be 2/1 + -1 + 2. Suppose -u*v = -29 + 11. Calculate the remainder when r is divided by v.
5
Let t(s) = -s**3 + 6*s**2 - s + 1. Let d(l) = -l**2 - 10*l + 5. Let i be d(-11). What is the remainder when t(4) is divided by (i/2)/(1/(-5))?
14
Suppose 32 = 5*y - 4*y. What is the remainder when 125 is divided by y?
29
Suppose 2*q = 3*t - 5, -6*t + 2*q + 10 = -2*t. Calculate the remainder when t is divided by 1.
0
Let m(n) = -n**3 + 11*n**2 - 14*n + 8. Let j be m(9). Suppose z = 3*s + 8, 3*z - s = 4*s + j. Calculate the remainder when z is divided by 12.
11
Let q be (-364)/(-8) - 2/4. Let w = 77 - q. What is the remainder when w is divided by ((-4)/(-3))/4*51?
15
Suppose 0 = -5*z + 2*m + 2, 2*m = 2*z - 3*z + 10. Suppose -z + 42 = 4*i. What is the remainder when 38 is divided by i?
8
Calculate the remainder when ((-91)/21 + 7)*102/8 is divided by 8.
2
What is the remainder when 25 - (2 + 0 - 2) is divided by 7?
4
Suppose -64 = 7*h - 218. Suppose 2*g + h = 4*g. Suppose 0*p - p = -6. Calculate the remainder when g is divided by p.
5
Let w = -8 - -11. Suppose -x + w*x = 58. Calculate the remainder when x is divided by -2 + 0 + 8 + 2.
5
Let l(c) = -2*c**2 - 19*c + 20. What is the remainder when 88 is divided by l(-10)?
8
Suppose -174 = 5*k - 7*k. Calculate the remainder when k is divided by 30.
27
Let w(j) be the first derivative of j**3/3 - 5*j**2 + 12*j + 1. Suppose -2*v = 6*v - 88. What is the remainder when w(v) is divided by 13?
10
Let j = -89 + 116. Calculate the remainder when 75 is divided by j.
21
Suppose -4*m + 20 = 0, 2*m - 21 = -3*a - m. Suppose -k + 58 = -3*i, 2*i - 24 = -a*k + 124. Calculate the remainder when k is divided by 18.
16
Let a = 196 + -126. What is the remainder when a is divided by 24?
22
Let t(n) = -2*n + 3. Suppose -v + 3*r - 6 = 0, 3*r + 1 = -2*v - 2*r. Let c(p) = 4*p + 4. Calculate the remainder when c(3) is divided by t(v).
7
Let r = -14 - -28. Calculate the remainder when r is divided by 9.
5
Suppose q - 64 = -2*c, 50 + 113 = 5*c + 4*q. Calculate the remainder when 102 is divided by c.
9
Let h = 19 + -5. Calculate the remainder when 67 is divided by h.
11
What is the remainder when 6 is divided by 4/(-6) - (-224)/48?
2
Let c(x) = -x**3 + 4*x**2 + 5*x. Let h be c(5). Let b be 3/(9/6) - h. Suppose b*r + 2 = 46. What is the remainder when 43 is divided by r?
21
Suppose -2*t + t - 4*i = -25, 5*t + i - 125 = 0. What is the remainder when t is divided by 14?
11
Let a(x) = 4*x - 5*x - 1 + 3*x**2 - 3*x**2 + 4*x**2. Calculate the remainder when 33 is divided by a(-2).
16
Let y(r) = -r**2 - 9*r - 2. Let u be y(-8). Suppose 2*c = u*c - 396. What is the remainder when c is divided by 25?
24
Let y be (1 + 0)*0/(-3). Suppose 0 = l + 4*b - 22, y*b - 5*b = l - 19. Let i = -29 - -41. What is the remainder when l is divided by i?
10
Let o(t) = -5*t + 12. Suppose -4*c - 48 = -5*g, g = 2*c + 3*g + 6. Calculate the remainder when o(c) is divided by 24.
23
Calculate the remainder when 4/(-8)*-46 - 0 is divided by 16.
7
Let j(p) = -p + 15. Calculate the remainder when 30 is divided by j(7).
6
Let g(p) = -9*p - 1. Let c(d) = d - 1. Let k be c(4). Suppose k = 2*u - 43. What is the remainder when u is divided by g(-1)?
7
Suppose c = 3*c - 3*n - 69, 4*c + n = 173. Let l = -8 + 13. Calculate the remainder when l is divided by 22/14 + 18/c.
1
Let n = 31 + -15. Suppose 4*o = 8, -4*i + 10 = -0*i + o. Let g(j) = 3*j. Calculate the remainder when n is divided by g(i).
4
Suppose 3*s = -2*s + 95. Suppose -7*q + 5*q + 6 = 0. Suppose 25 = 4*h - 3*k, -q*k + s = 2*h + 2*k. Calculate the remainder when 19 is divided by h.
5
Suppose 3*d - 8 = 19. What is the remainder when 25 is divided by d?
7
Suppose 12 = 3*b - 0*b. Suppose 3*q + 2*g = 32, -2*q - b*g + 32 = -0*g. Calculate the remainder when q is divided by 18/12*(-20)/(-6).
3
Let f(q) = 4*q**2 - 2*q - 1. What is the remainder when 5 is divided by f(-1)?
0
What is the remainder when (8 - 2)*(368/3)/8 is divided by 19?
16
What is the remainder when 1 + (-252)/(-10) - 40/(-50) is divided by 7?
6
Let k = 5 + -9. Suppose 3*t - 45 = -2*t. What is the remainder when t is divided by k/((4/3)/(-2)